6 a factor of 103066?
False
Does 1852 divide 5876396?
True
Is 559686 a multiple of 6?
True
Does 8 divide 166696?
True
Does 154 divide 1480814?
False
Is 63 a factor of 148453?
False
Does 1282 divide 17284316?
False
Does 19 divide 2260164?
True
Does 847 divide 1227462?
False
Is 68814 a multiple of 35?
False
Is 108855 a multiple of 123?
True
Is 44 a factor of 13362?
False
Is 109216 a multiple of 32?
True
Does 549 divide 1861659?
True
Does 496 divide 149792?
True
Is 108 a factor of 156600?
True
Is 54 a factor of 712870?
False
Is 87 a factor of 8486589?
True
Is 139464 a multiple of 234?
True
Is 67992 a multiple of 77?
False
Is 28 a factor of 7478524?
False
Does 12 divide 1397136?
True
Is 21 a factor of 2414622?
True
Does 533 divide 9503988?
False
Is 1745811 a multiple of 27?
False
Does 12 divide 1671427?
False
Does 200 divide 7068676?
False
Does 17 divide 5221788?
True
Is 1303431 a multiple of 123?
True
Does 334 divide 161785?
False
Is 299 a factor of 2169245?
True
Is 15 a factor of 15915632?
False
Is 10 a factor of 65740?
True
Is 61 a factor of 25132?
True
Is 486018 a multiple of 234?
True
Is 8 a factor of 311515?
False
Is 193950 a multiple of 150?
True
Does 13 divide 7561?
False
Does 75 divide 290700?
True
Is 27 a factor of 401446?
False
Does 49 divide 5216442?
True
Is 41 a factor of 6100882?
True
Does 37 divide 67057?
False
Does 12 divide 2537844?
True
Is 11296470 a multiple of 370?
True
Is 267 a factor of 157133?
False
Is 114389 a multiple of 70?
False
Does 225 divide 24538050?
True
Is 28 a factor of 159376?
True
Is 2352718 a multiple of 15?
False
Is 248 a factor of 2705928?
True
Is 1369 a factor of 13860619?
False
Does 59 divide 80586?
False
Does 109 divide 99299?
True
Is 773175 a multiple of 75?
True
Is 19 a factor of 2443001?
True
Does 27 divide 111888?
True
Is 79533 a multiple of 162?
False
Does 24 divide 7925232?
True
Is 24 a factor of 86132?
False
Is 152897 a multiple of 12?
False
Does 22 divide 55770?
True
Is 391 a factor of 142396?
False
Is 341974 a multiple of 326?
True
Is 4200235 a multiple of 71?
False
Does 280 divide 547400?
True
Is 33 a factor of 3024720?
False
Does 449 divide 1814767?
False
Is 77 a factor of 16619908?
False
Is 8 a factor of 17024?
True
Is 1719584 a multiple of 575?
False
Is 345775 a multiple of 83?
False
Is 36216 a multiple of 20?
False
Does 15 divide 407475?
True
Is 6 a factor of 594?
True
Is 289011 a multiple of 14?
False
Is 2 a factor of 1279193?
False
Is 16 a factor of 2464832?
True
Is 49 a factor of 1705554?
False
Does 288 divide 322848?
True
Is 669110 a multiple of 24?
False
Is 10 a factor of 7225397?
False
Does 6 divide 48270?
True
Is 502911 a multiple of 19?
True
Does 102 divide 23233?
False
Is 40617 a multiple of 12?
False
Is 26 a factor of 282654?
False
Is 2409130 a multiple of 10?
True
Is 366710 a multiple of 10?
True
Does 79 divide 240397?
True
Is 86232 even?
True
Does 70 divide 161095?
False
Is 11936166 a multiple of 242?
True
Is 95 a factor of 2040505?
True
Does 17 divide 97053?
True
Is 190709 a multiple of 226?
False
Does 319 divide 413801?
False
Is 449 a factor of 828854?
True
Does 755 divide 2499963?
False
Does 50 divide 34584?
False
Is 109 a factor of 1808310?
True
Is 708330 a multiple of 105?
True
Is 251 a factor of 10897817?
False
Is 12 a factor of 1518240?
True
Is 174 a factor of 269874?
True
Is 150 a factor of 454200?
True
Does 74 divide 12553?
False
Is 1290 a multiple of 4?
False
Does 58 divide 383728?
True
Does 21 divide 1113?
True
Does 89 divide 162514?
True
Is 167232 a multiple of 104?
True
Is 412 a factor of 273948?
False
Is 45668 a multiple of 110?
False
Is 336226 a multiple of 11?
True
Is 54450 a multiple of 30?
True
Is 7 a factor of 14151?
False
Does 7 divide 536410?
True
Does 253 divide 57800?
False
Is 969410 a multiple of 500?
False
Does 375 divide 2480250?
True
Does 99 divide 16217784?
True
Is 524 a factor of 326976?
True
Is 97254 a multiple of 9?
True
Is 22 a factor of 457203?
False
Does 78 divide 8449584?
True
Is 226856 a multiple of 110?
False
Is 3028953 a multiple of 251?
False
Is 5617691 a multiple of 1402?
False
Does 82 divide 780886?
True
Is 147917 a multiple of 7?
True
Is 517500 a multiple of 125?
True
Does 25 divide 4475801?
False
Is 524075 a multiple of 10?
False
Does 22 divide 359590?
True
Does 28 divide 2268?
True
Is 5449110 a multiple of 402?
True
Is 56 a factor of 1419488?
True
Is 31481 a multiple of 11?
False
Is 1207 a factor of 7558234?
True
Is 2442000 a multiple of 814?
True
Is 116 a factor of 505992?
True
Does 4 divide 196296?
True
Does 4 divide 740344?
True
Is 56915 a multiple of 22?
False
Does 182 divide 181421?
False
Does 217 divide 1465618?
True
Does 2 divide 252979?
False
Is 14 a factor of 2363930?
False
Is 26 a factor of 82030?
True
Is 22346858 a multiple of 12?
False
Is 4287499 a multiple of 1423?
True
Is 525749 a multiple of 601?
False
Is 10394706 a multiple of 21?
True
Is 426664 a multiple of 8?
True
Is 543173 a multiple of 12?
False
Is 4067481 a multiple of 699?
True
Is 51627 a multiple of 18?
False
Is 197 a factor of 9777504?
True
Does 8 divide 683777?
False
Is 85 a factor of 15355760?
True
Is 466460 a multiple of 4?
True
Does 46 divide 1478106?
False
Does 17 divide 750465?
True
Is 520256 a multiple of 32?
True
Is 3075163 a multiple of 45?
False
Is 877676 a multiple of 18?
False
Is 158 a factor of 3302990?
True
Is 24 a factor of 1748304?
True
Is 344 a factor of 119368?
True
Is 3816 a multiple of 4?
True
Is 25 a factor of 188300?
True
Is 234 a factor of 158418?
True
Is 1140286 a multiple of 1106?
True
Is 6 a factor of 377394?
True
Is 12 a factor of 123057?
False
Is 106 a factor of 43515?
False
Does 16 divide 295040?
True
Is 7251020 a multiple of 2503?
False
Does 58 divide 19599998?
True
Does 53 divide 78658?
False
Is 60 a factor of 1508100?
True
Does 46 divide 2070414?
True
Is 259710 a multiple of 17?
False
Is 35 a factor of 530599?
False
Is 72128 a multiple of 112?
True
Does 81 divide 1110386?
False
Does 196 divide 1111516?
True
Is 580 a factor of 652500?
True
Is 122161 a multiple of 288?
False
Does 9 divide 4610426?
False
Is 2692752 a multiple of 24?
True
Is 397 a factor of 6158553?
False
Is 182092 a multiple of 329?
False
Does 33 divide 311672?
False
Does 14 divide 27440?
True
Is 11 a factor of 305585?
False
Is 1759952 a multiple of 161?
False
Is 30 a factor of 836228?
False
Does 3 divide 20618?
False
Is 50274 a multiple of 133?
True
Does 3 divide 235427?
False
Does 13 divide 56875?
True
Is 5980923 a multiple of 403?
True
Is 8987 even?
False
Does 14 divide 63476?
True
Does 174 divide 293016?
True
Is 5601390 a multiple of 583?
False
Is 4 a factor of 53542?
False
Is 320809 a multiple of 12?
False
Does 188 divide 881113?
False
Is 291454 a multiple of 139?
False
Does 9 divide 572083?
False
Is 11460975 a multiple of 124?
False
Does 492 divide 337512?
True
Does 238 divide 6859874?
True
Is 31 a factor of 286781?
True
Is 611 a factor of 1143241?
False
Is 1703680 a multiple of 359?
False
Is 17 a factor of 1764212?
False
Does 60 divide 894721?
False
Does 34 divide 4270325?
False
Does 24 divide 212100?
False
Does 105 divide 9256291?
False
Does 39 divide 8363082?
True
Is 3 a factor of 23318?
False
Is 43 a factor of 56290?
False
Is 46699 a multiple of 17?
True
Is 10556912 a multiple of 113?
True
Does 7 divide 10924060?
True
Is 37142 a multiple of 6?
False
Does 300 divide 375352?
False
Does 60 divide 28823?
False
Is 4476615 a multiple of 65?
True
Is 6 a factor of 127182?
True
Does 467 divide 539852?
True
Is 650876 a multiple of 181?
True
Is 4 a factor of 255804?
True
Is 82 a factor of 5602?
False
Is 24714 a multiple of 3?
True
Does 20 divide 19073?
False
Does 6 divide 355686?
True
Is 8576139 a multiple of 39?
True
Is 6519936 a multiple of 96?
True
Is 2287812 a multiple of 230?
False
Is 11 a factor of 4957612?
True
Is 70 a factor of 913640?
True
Is 113520 a multiple of 440?
True
Does 341 divide 3640516?
True
Is 11592327 a multiple of 129?
True
Is 7 a factor of 613955?
False
Is 128 a factor of 457584?
False
Is 16 a factor of 198128?
True
Is 86 a factor of 175526?
True
Does 5 divide 122524?
False
Is 433 a factor of 1198222?
False
Does 277 divide 133587?
False
Is 16 a factor of 261840?
True
Does 89 divide 482469?
True
Is 6209920 a multiple of 155?
True
Is 210061 a